 the units digit of 136935?
5
What is the tens digit of 343961?
6
What is the hundreds digit of 18786893?
8
What is the hundred thousands digit of 2723693?
7
What is the units digit of 8577?
7
What is the tens digit of 845375?
7
What is the millions digit of 12374210?
2
What is the ten thousands digit of 303809?
0
What is the units digit of 1548817?
7
What is the ten thousands digit of 961411?
6
What is the millions digit of 7067617?
7
What is the ten thousands digit of 67086?
6
What is the hundreds digit of 25643?
6
What is the hundred thousands digit of 797390?
7
What is the units digit of 522764?
4
What is the tens digit of 326911?
1
What is the hundreds digit of 1495191?
1
What is the hundreds digit of 30378367?
3
What is the ten millions digit of 30197109?
3
What is the ten thousands digit of 299061?
9
What is the units digit of 234043?
3
What is the hundreds digit of 5151393?
3
What is the hundreds digit of 11923628?
6
What is the hundreds digit of 14300890?
8
What is the tens digit of 4108843?
4
What is the units digit of 7414973?
3
What is the hundreds digit of 4806044?
0
What is the thousands digit of 2092175?
2
What is the millions digit of 15407562?
5
What is the ten thousands digit of 1866746?
6
What is the thousands digit of 3227906?
7
What is the units digit of 155567?
7
What is the hundreds digit of 8650710?
7
What is the hundreds digit of 765582?
5
What is the thousands digit of 1534915?
4
What is the units digit of 267154?
4
What is the tens digit of 1173384?
8
What is the hundred thousands digit of 22966254?
9
What is the thousands digit of 4016529?
6
What is the thousands digit of 21304790?
4
What is the tens digit of 287547?
4
What is the millions digit of 11701925?
1
What is the ten thousands digit of 7120481?
2
What is the ten thousands digit of 369517?
6
What is the hundreds digit of 283549?
5
What is the ten thousands digit of 23882353?
8
What is the hundred thousands digit of 39100164?
1
What is the tens digit of 37895?
9
What is the hundreds digit of 152893?
8
What is the hundred thousands digit of 25199253?
1
What is the hundred thousands digit of 702314?
7
What is the tens digit of 209668?
6
What is the tens digit of 494212?
1
What is the hundreds digit of 19687?
6
What is the ten thousands digit of 2117344?
1
What is the hundreds digit of 8566253?
2
What is the hundreds digit of 3144975?
9
What is the tens digit of 58036?
3
What is the ten thousands digit of 7377711?
7
What is the hundred thousands digit of 460400?
4
What is the thousands digit of 2051992?
1
What is the hundred thousands digit of 26878897?
8
What is the hundred thousands digit of 357626?
3
What is the thousands digit of 212131?
2
What is the thousands digit of 1827138?
7
What is the tens digit of 16017375?
7
What is the hundreds digit of 4232494?
4
What is the millions digit of 10080046?
0
What is the hundred thousands digit of 1429131?
4
What is the millions digit of 3535047?
3
What is the thousands digit of 1042373?
2
What is the tens digit of 13187?
8
What is the thousands digit of 1355032?
5
What is the ten thousands digit of 1049045?
4
What is the ten thousands digit of 18425?
1
What is the ten thousands digit of 10548228?
4
What is the thousands digit of 59542?
9
What is the ten thousands digit of 1826295?
2
What is the tens digit of 5643013?
1
What is the millions digit of 9987226?
9
What is the millions digit of 24146771?
4
What is the thousands digit of 378677?
8
What is the ten millions digit of 11564637?
1
What is the hundred thousands digit of 726447?
7
What is the ten thousands digit of 519717?
1
What is the hundreds digit of 837285?
2
What is the thousands digit of 3570271?
0
What is the tens digit of 3224863?
6
What is the tens digit of 2559467?
6
What is the tens digit of 675337?
3
What is the thousands digit of 992229?
2
What is the hundred thousands digit of 255107?
2
What is the tens digit of 191142?
4
What is the ten thousands digit of 23750?
2
What is the tens digit of 60322?
2
What is the thousands digit of 141281?
1
What is the thousands digit of 1296532?
6
What is the hundreds digit of 1805270?
2
What is the thousands digit of 5170238?
0
What is the millions digit of 8772641?
8
What is the tens digit of 927073?
7
What is the tens digit of 526627?
2
What is the thousands digit of 187106?
7
What is the hundred thousands digit of 3725845?
7
What is the hundreds digit of 17861913?
9
What is the tens digit of 363799?
9
What is the thousands digit of 1554905?
4
What is the hundred thousands digit of 3003142?
0
What is the thousands digit of 958173?
8
What is the millions digit of 43765267?
3
What is the units digit of 869640?
0
What is the units digit of 159657?
7
What is the ten thousands digit of 237024?
3
What is the hundreds digit of 407130?
1
What is the hundred thousands digit of 377937?
3
What is the tens digit of 218806?
0
What is the thousands digit of 191048?
1
What is the ten thousands digit of 17061365?
6
What is the ten thousands digit of 1609446?
0
What is the thousands digit of 10227219?
7
What is the thousands digit of 2299443?
9
What is the thousands digit of 759831?
9
What is the ten thousands digit of 74905?
7
What is the hundred thousands digit of 4728041?
7
What is the ten millions digit of 15338532?
1
What is the hundred thousands digit of 264140?
2
What is the tens digit of 192482?
8
What is the ten thousands digit of 705647?
0
What is the hundred thousands digit of 6436208?
4
What is the hundreds digit of 201635?
6
What is the units digit of 144360?
0
What is the thousands digit of 7027541?
7
What is the hundreds digit of 322637?
6
What is the thousands digit of 2120016?
0
What is the thousands digit of 1809878?
9
What is the thousands digit of 1965047?
5
What is the ten thousands digit of 72942?
7
What is the units digit of 657017?
7
What is the millions digit of 1430167?
1
What is the units digit of 1834818?
8
What is the tens digit of 7493?
9
What is the ten thousands digit of 7380532?
8
What is the units digit of 536184?
4
What is the ten thousands digit of 602393?
0
What is the thousands digit of 55713?
5
What is the hundreds digit of 1120068?
0
What is the ten thousands digit of 253363?
5
What is the thousands digit of 6096365?
6
What is the tens digit of 498613?
1
What is the ten thousands digit of 974648?
7
What is the ten thousands digit of 487869?
8
What is the hundred thousands digit of 149391?
1
What is the millions digit of 7061066?
7
What is the thousands digit of 88706?
8
What is the units digit of 10358228?
8
What is the tens digit of 16775484?
8
What is the thousands digit of 8813337?
3
What is the hundreds digit of 122732?
7
What is the hundred thousands digit of 340454?
3
What is the hundreds digit of 4911879?
8
What is the hundreds digit of 409982?
9
What is the units digit of 157914?
4
What is the ten thousands digit of 205175?
0
What is the thousands digit of 131207?
1
What is the tens digit of 2036406?
0
What is the tens digit of 565081?
8
What is the units digit of 329?
9
What is the hundred thousands digit of 405155?
4
What is the ten thousands digit of 259776?
5
What is the hundreds digit of 244486?
4
What is the thousands digit of 9317140?
7
What is the millions digit of 2991054?
2
What is the hundred thousands digit of 744516?
7
What is the units digit of 1849023?
3
What is the ten thousands digit of 3257088?
5
What is the hundreds digit of 359914?
9
What is the ten thousands digit of 198812?
9
What is the tens digit of 372833?
3
What is the units digit of 94059?
9
What is the units digit of 9850957?
7
What is the hundred thousands digit of 108961?
1
What is the hundred thousands digit of 316247?
3
What is the millions digit of 5197381?
5
What is the tens digit of 1324706?
0
What is the hundred thousands digit of 1236337?
2
What is the units digit of 7603735?
5
What is the thousands digit of 67520?
7
What is the hundred thousands digit of 308035?
3
What is the hundred thousands digit of 176106?
1
What is the hundreds digit of 2257550?
5
What is the tens digit of 28380370?
7
What is the hundreds digit of 2992578?
5
What is the thousands digit of 10630573?
0
What is the tens digit of 140762?
6
What is the thousands digit of 2323423?
3
What is the tens digit of 5711011?
1
What 